= 5*o - 0. Let l(u) be the second derivative of u**4/12 - 2*u**3/3 + 2*u**2 + 2*u. What is the remainder when 34 is divided by l(o)?
7
Suppose 0*w = 3*w. Suppose -12 = 4*n - 5*q + q, w = 4*n + 4*q - 28. What is the remainder when n is divided by 1?
0
Let o(h) = -h**3 + 5*h**2 + 4*h - 4. Let v be o(5). Suppose 206 = 5*t + v. Calculate the remainder when t is divided by 20.
18
Let s(c) = c**2 + 11*c + 9. Let u be s(-10). Calculate the remainder when 27 is divided by (4/(12/(-21)))/u.
6
Let c(b) = 2*b - 5. Let y(f) = -f + 4. Let h(l) = -3*c(l) - 2*y(l). What is the remainder when h(-6) is divided by 11?
9
Let a = 11 - -6. Suppose -2*c + a = -c. What is the remainder when c is divided by 10?
7
Let w = 5 - -11. Suppose 10 = 2*s - 4*t + 2*t, 2*t = 5*s - 37. What is the remainder when w is divided by s?
7
Suppose -12*i + 50 = -11*i. What is the remainder when i is divided by 13?
11
Let p = 8 + 5. Let u(k) = 25*k**3 - k**2 + 2*k - 1. Calculate the remainder when u(1) is divided by p.
12
Suppose -w - 5*o + 18 = 0, 5*w - 2*o - 34 = o. What is the remainder when 29 is divided by w?
5
Suppose 4*f + u + 3*u = 164, 2*f - 94 = u. Let k = f - -8. What is the remainder when k is divided by 14?
11
Suppose 2*b - 114 = -62. Calculate the remainder when 336 is divided by b.
24
Let o(f) = -f + 0*f**2 - f - 2 - 4*f**2 + 3 + f**3. Let k(p) = 13*p + 3. Calculate the remainder when k(2) is divided by o(5).
13
Let b = -5 + -6. Let m(a) = -a. Calculate the remainder when m(b) is divided by 3.
2
Let v(a) = 3*a**2 + 7*a + 9. Calculate the remainder when v(-2) is divided by 6.
1
Let c = 50 - 23. What is the remainder when c is divided by 7?
6
Suppose -5*a - d = -0*a - 317, 5*d - 136 = -2*a. What is the remainder when a is divided by 22?
19
Let a(t) = t**2 + 2*t - 1. Let i be a(1). Let o = i + 3. Suppose -4*w = -4*y - 28, 15 = -o*y + 2*y. What is the remainder when 5 is divided by w?
1
Let p = -1 - -5. Suppose 781 + 11 = 72*f. What is the remainder when f is divided by p?
3
Suppose 0 = 6*v - 5*v - 25. What is the remainder when v is divided by 14?
11
Let a be (10/15)/((-4)/66). Calculate the remainder when 20 is divided by (a/(-2))/((-2)/(-4)).
9
Let w(p) = 7*p + 2. Calculate the remainder when w(7) is divided by 0 + 2 + (-22)/(-2).
12
Let c = 2 - -2. Suppose 2*g + c*x - 50 = 0, -5*g + 2*x + 56 + 21 = 0. Calculate the remainder when g is divided by 9.
8
Let s = 35 + -4. Let m = 51 - s. What is the remainder when m is divided by 4/14 + 94/14?
6
Let w(x) = 9*x**2 + 3*x + 1. Calculate the remainder when w(-2) is divided by 17.
14
Suppose 3*n - 41 + 2 = 0. Calculate the remainder when n is divided by 7.
6
Suppose 39 = 2*l + z, -z - 12 = -l - 0*z. Calculate the remainder when 250/(-4)*(-8)/10 is divided by l.
16
Calculate the remainder when (-1)/2 + 3150/12 is divided by 33.
31
Let a be (-24)/2*2/(-6). Suppose 0 = -a*t - 71 + 207. What is the remainder when t is divided by 12?
10
Suppose 3*z + 0*z - 4*v - 8 = 0, z - 6 = -2*v. Calculate the remainder when 14 is divided by z.
2
Let y(f) be the first derivative of f**2 - 5*f - 5. Calculate the remainder when 18 is divided by y(5).
3
Let r(j) = 4*j**2 - 6*j - 7. Let n be r(5). Suppose -y + 14 = a - 3, -4*a - 3*y + n = 0. What is the remainder when 21 is divided by a?
9
What is the remainder when (-36)/(-24) + 115/2 is divided by 30?
29
Calculate the remainder when 2 + (-2)/(-1)*4 is divided by 6.
4
Let f = -28 + 50. Calculate the remainder when 42 is divided by f.
20
Let k(h) = -h**3 - 17*h**2 - 16*h + 4. What is the remainder when 34 is divided by k(-16)?
2
Let f = -24 + 30. Calculate the remainder when f is divided by 3.
0
Let b(p) = -p**3 - 5*p**2 - p - 2. Let y be (5/2)/(3/(-6)). Calculate the remainder when 4 is divided by b(y).
1
Suppose -10*g + 8*g = -34. What is the remainder when 83 is divided by g?
15
Suppose 3 = 4*k - 3*k. Suppose -n + o = 4*o + 12, 4*n + k*o = -3. Suppose n*h - 5 - 85 = 0. Calculate the remainder when h is divided by 16.
14
Let m(c) = 7*c - 1. Let x be m(-3). Calculate the remainder when 22 is divided by -1*9*x/33.
4
Suppose 4*s = 0, -3*q + 3 = -2*q - 2*s. Suppose k + 0*j - j - 5 = 0, 0 = -2*k - 2*j + 2. Calculate the remainder when k is divided by q.
0
Let m(d) = d**3 - 2*d**2 + 2*d. What is the remainder when ((-4664)/(-32))/11 + 3/4 is divided by m(2)?
2
Suppose -5*k + 20 = 5*f, 5*f - 2*k = k + 20. Suppose -2*u - 2*t = -7*t - 10, 15 = 3*u - 5*t. Let r = u - f. What is the remainder when 1 is divided by r?
0
Let p = 61 + -12. Calculate the remainder when p is divided by 13.
10
Let u(o) = -11*o**3 + 2*o**2 - o. Let m be u(1). Let c = 23 + m. What is the remainder when 23 is divided by c?
10
Calculate the remainder when (-56)/(-6) + (-1)/3 is divided by 4.
1
Suppose 0*v = -u - 5*v + 38, -2*v = -2*u + 40. Calculate the remainder when 110 is divided by u.
18
Let r(d) = 12*d + 2. Let z be r(2). Let v = z + -20. What is the remainder when 11 is divided by v?
5
Let q = 36 + -1. Calculate the remainder when q is divided by 19.
16
Suppose z + 4 = -u + 7, z - 1 = u. Suppose -4*r - 3*g = 10, r + 4*g - 20 = 4*r. What is the remainder when (-5)/(5/r) - 1 is divided by z?
1
Let h(i) = i**3 - 5*i**2 - 7*i + 9. Let y be h(6). Suppose -2*b + 138 = 3*s, y*b = s - 23 + 208. What is the remainder when b is divided by 16?
15
Let a be 4/6 + 4/(-6). Suppose 2*s + s - 183 = a. Calculate the remainder when s is divided by 21.
19
Suppose y - 25 = 6*y, -a + 48 = -5*y. Suppose 3*z + 9 = -3, -3*k + z - 137 = 0. What is the remainder when a is divided by k/(-4) - 3/(-12)?
11
Suppose -3*b + 2*d = -0*d - 57, -b - 2*d = -19. Calculate the remainder when b is divided by 6.
1
Let u(f) = -f - 3 - 1 + f**2 - 1. Let p be u(0). Let v(c) = c**2 - c - 6. What is the remainder when 46 is divided by v(p)?
22
Suppose 6*m - 4*m - 144 = 0. Suppose -3*g = 4*o + m + 16, 0 = 3*o + 5*g + 55. Let r = o - -36. What is the remainder when r is divided by 7?
4
Suppose 4*g - 5*t = -41, 5*t = 3*t - 6. Calculate the remainder when 7 is divided by ((-16)/28)/(4/g).
1
Suppose -3384 = 10*b - 22*b. Calculate the remainder when b is divided by 57.
54
Suppose 3*l - 43 = -1. What is the remainder when 38 is divided by l?
10
Suppose 0 = -0*a + 2*a, -b - a + 23 = 0. Calculate the remainder when 113 is divided by b.
21
Let s be 3 - 4/1 - -2. Suppose -2*k + 0*u - 3*u + 28 = 0, 0 = -2*u + 4. What is the remainder when s/(-4) + 484/16 is divided by k?
8
Suppose 0 = -4*l - 4 + 24. Suppose 35 = l*j - 15. What is the remainder when 36 is divided by j?
6
Let k(y) = y**2 + 2*y + 6. Suppose 60 + 15 = 5*x. What is the remainder when x is divided by k(0)?
3
Suppose 0*s - s - 2*j + 29 = 0, -5*s + 2*j = -157. What is the remainder when 61 is divided by s?
30
Suppose -10*r = -64 - 16. Calculate the remainder when 45 is divided by r.
5
Let m be (1 + -32 + 1)/1. Let q = -11 - m. What is the remainder when q is divided by 7?
5
What is the remainder when 54 is divided by 18 - (-7)/((-21)/12)?
12
Let w(c) = c**2 + 2*c - 6. Let h = 10 + -4. Calculate the remainder when w(h) is divided by 11.
9
Let y(a) = a + 26. Calculate the remainder when 33 is divided by y(-14).
9
Let f(b) = -b**2 + 6*b - 1. Let h be f(5). Let a be (8/5)/(h/10). Suppose 5*c - 5*q - 55 = 0, c = -q - a*q + 5. What is the remainder when 19 is divided by c?
9
Let m(c) = -1. Let y(l) = 5*l**2 + 2*l - 7. Let a(r) = -5*m(r) + y(r). Calculate the remainder when 40 is divided by a(-2).
12
Suppose 53 = 9*f - 73. Calculate the remainder when 54 is divided by f.
12
Let w = -16 - -7. Let h(r) = 4 - 1 - r - 2. What is the remainder when h(w) is divided by 4?
2
Suppose 4*l - 3*l = 23. Let k = l - 10. Calculate the remainder when 51 is divided by k.
12
Let j = 49 + -21. Let q = j + -10. Let y(a) = -a + 5. What is the remainder when q is divided by y(-5)?
8
What is the remainder when 2 is divided by (-10)/(-4) - 4/8?
0
Suppose -r + 7 = -15. Calculate the remainder when 86 is divided by r.
20
Suppose -3*n + 18 = 4*s - 10, 52 = 4*s - 3*n. What is the remainder when 37 is divided by s?
7
What is the remainder when 73 is divided by (36/10 - 3) + (-381)/(-15)?
21
Let x = 0 + 6. Let p(q) = -6*q - 94. What is the remainder when p(-16) is divided by (4/x)/((-1)/(-3))?
0
Let y(w) = w**2 + 5*w - 1. Let p(d) = -6*d - 89. Calculate the remaind